 -3). Suppose -3*x + l*j + 184 = -2*j, -4*x + 238 = 2*j. Calculate the remainder when x is divided by 16.
12
Suppose 4280 = 37*o + 3*o. Calculate the remainder when o is divided by 24.
11
Let q(x) be the first derivative of x**4/4 - 3*x**3 - 11*x**2/2 - 2*x - 22. Calculate the remainder when q(11) is divided by 40.
39
What is the remainder when 81/(-27) - (0 + 1)*-78 is divided by 24?
3
Let q(k) = k**3 - 3*k**2 - 5*k. Let p be q(4). Suppose 38*j - 52 = 12*j. What is the remainder when (6/p)/(6/(-16)) is divided by j?
0
Let s(h) = -h**2 - 6*h + 6. Let k = 23 - 13. Suppose k = 4*l + 30. Calculate the remainder when s(l) is divided by 3.
2
Suppose 6 = 14*g - 13*g. What is the remainder when (22/g - 4)*-87 is divided by 16?
13
Let y(h) = h**2 + 6*h + 3. Let j be y(-6). Suppose 295*p = 296*p - 57. Suppose -p = 2*t - j*t. What is the remainder when t is divided by 20?
17
Let f(w) = -2*w + 94. Calculate the remainder when 118 is divided by f(32).
28
Let z(i) = i**2 + 2*i - 1. Let p = -37 - -40. What is the remainder when 67 is divided by z(p)?
11
Suppose -4*n + 2 = 42. Let z = -7 - n. What is the remainder when 14 is divided by (-2)/(-3)*2*z?
2
Suppose 3*p = -4*k + 75, -p = -k + 6*k - 14. Let w = -209 - -208. What is the remainder when (3145/(-55) + 8/44)/w is divided by p?
28
Let a(x) be the first derivative of -2*x**2 + 1. Let y be a(-2). Calculate the remainder when (-1945)/(-20) - 2/y is divided by 25.
22
Let b = -6 + 31. Let a(c) = c**3 - 17*c**2 + 11*c + 331. Calculate the remainder when a(15) is divided by b.
21
What is the remainder when -8*(3/4 - 5 - 2) is divided by 18?
14
Let h = 448 - 194. Calculate the remainder when h is divided by 84.
2
Let y be ((-14)/1)/(4/(-2)). Suppose -25 - y = -w - 5*h, h - 2 = 0. What is the remainder when (6 + -4)/((-1)/(-43)) is divided by w?
20
Let v(r) = 5*r + 6. Suppose 21 = 3*t + 3*g, -t - 1 + 3 = -4*g. What is the remainder when v(t) is divided by 10?
6
Let f(h) = -h**3 + 8*h**2 + 7*h - 2. Suppose -z + 74 = 5*q, 4*q + 26 = 3*z + 70. What is the remainder when f(8) is divided by q?
12
Suppose 0 = 7*v - v + 24. Let b be 4 - v/(-16)*4. Suppose 3*d - y = 10, 5*y = b*d - d + 15. Calculate the remainder when d is divided by 4.
1
Suppose -54*q + 56*q = 6. Suppose 4*l - q*y = 59, -3*l - 4*y + 46 = -l. Calculate the remainder when l is divided by 12.
5
Let h(k) = k**3 + 16*k**2 + 40*k + 33. Calculate the remainder when 657 is divided by h(-13).
17
Calculate the remainder when (-7)/(56/2) - (-6312)/32 is divided by 50.
47
Let z = -207 - -615. What is the remainder when z is divided by 23?
17
Let i(c) = -2*c + 282. What is the remainder when i(67) is divided by 52?
44
Let w be ((3 - -37)/2)/(-1). Let o = w - -12. Let j = o - -47. Calculate the remainder when j is divided by 14.
11
Let z be 4*(5 - 4)/(-2). Let l be (2 + -4)*11/z. Let w = l + 3. What is the remainder when 41 is divided by w?
13
Suppose 5 + 1 = u. Let y = 20 + -22. What is the remainder when y + 24 - (1 - -5)/(-6) is divided by u?
5
Let d(v) = 5*v - 2. Let s be d(-4). What is the remainder when 17 is divided by (-106)/(-22) - s/121?
2
Let s(g) = -28*g + 2. Let x(i) = -27*i + 3. Let l(c) = -6*s(c) + 4*x(c). What is the remainder when 239 is divided by l(1)?
59
Let x(s) = 4*s**3 - s**2 - 3*s + 3. Let d(h) = -h**2 - h + 1. Let l be d(0). Calculate the remainder when 4/2 + 5/1 is divided by x(l).
1
Suppose -x + 36 = p - 3*x, -4*p + x + 151 = 0. Let k(u) = -2*u**3 - 16*u**2 - 4*u - 24. Calculate the remainder when p is divided by k(-8).
6
Let x = -350 - -563. Suppose -2*q - 3*q = -270. What is the remainder when x is divided by q?
51
Suppose 309 = 4*j + 5*t, -3*j + 138 = 4*t - 95. Suppose 155 = 4*n + j. What is the remainder when 81 is divided by n?
18
Let l = 160 + -90. Let s = l + -57. Calculate the remainder when s is divided by 10.
3
Let o = -57 + 81. Calculate the remainder when 260 is divided by o.
20
Suppose 2*u = -0*u + 56. What is the remainder when 76 is divided by u?
20
Suppose 239*o = 265*o - 2860. What is the remainder when 221 is divided by o?
1
Suppose 18*q + 76 = 22*q. Suppose l = 4 - 0. Calculate the remainder when q is divided by l.
3
Let d = -497 - -693. Calculate the remainder when d is divided by 18.
16
Suppose 7*c - c = 0. Suppose 2*p + p - 108 = c. Suppose 5*r + p = k, 0*r + 117 = 5*k - 4*r. Calculate the remainder when 82 is divided by k.
19
Suppose -5*f = -0 - 10. Suppose -f*p + 13 = 2*y - 1, 2*y - 4*p + 4 = 0. What is the remainder when 21 is divided by y?
1
Let q be (-33)/2*20/(-15). Let v = 41 + 18. Let p = v - q. Calculate the remainder when p is divided by 10.
7
Let s = 37 - 39. Let i be -5 + 20 - (s + -2). Suppose -88 = -20*m + i*m. Calculate the remainder when m is divided by 30.
28
Suppose -133*g = -145*g + 48. What is the remainder when 250 is divided by g?
2
Suppose 0 = -2*r + 5*w + 86, -43*w - 230 = -5*r - 38*w. What is the remainder when 141 is divided by r?
45
Suppose 5*o = -3*k - 70 + 254, 268 = 4*k + o. What is the remainder when k is divided by 59?
9
Suppose -2*o + 2*t + 66 = 0, 5*o - 3*t - 168 = -t. Suppose 5*v - 800 = -125. What is the remainder when v is divided by o?
33
Suppose 0 = -d + 2 + 3. Let y = 241 - 228. What is the remainder when (-4)/(-20) - (-179)/d is divided by y?
10
Let y = -1 - 2. Suppose 2*d = 4*n - 0*n - 20, 3*n - 3*d = 15. Let q = n + y. What is the remainder when 2 is divided by q?
0
Let k(m) = m + 10. Suppose -4*s - 2*q = -0*q - 184, 0 = -s + 2*q + 41. Calculate the remainder when s is divided by k(14).
21
Let p(r) = -r**2 + 7*r + 13. Calculate the remainder when p(5) is divided by 21.
2
Let q be 3624/8*4/3. Calculate the remainder when 98 is divided by q/24 + 1/(-6).
23
Suppose 6*u = 3*u - w + 18, 3*w + 30 = 3*u. Suppose 18*y - 275 = u*y. What is the remainder when 39 is divided by y?
14
Let k(o) = 11*o - 7. Let h be k(-2). Let w = h - -77. Calculate the remainder when 191 is divided by w.
47
Suppose 0 = 2*o - 3*k + 13, -3*k + 1 = 5*o + 2. Let j = 4 - o. What is the remainder when 33 is divided by j?
3
Let h(y) = y**2 - 12*y + 2. Let j(p) = -p**3 - 10*p**2 - 9*p + 11. What is the remainder when h(14) is divided by j(-9)?
8
Suppose -k + 2*x - 4*x + 16 = 0, 5*x = -2*k + 37. Suppose -k = -0*r - r. Calculate the remainder when -2*133/(-14) + -3 is divided by r.
4
Suppose -1 = o - 4. Suppose o*r = 7 + 11. Suppose i + 90 = r*i. Calculate the remainder when 33 is divided by i.
15
Let t = -10 - -16. Suppose 167 + 362 = 23*m. Calculate the remainder when m is divided by t.
5
Suppose 943 - 14 = 5*c - 3*i, 4*i = -12. Calculate the remainder when c is divided by 31.
29
Let i = 103 + -81. Calculate the remainder when 82 is divided by i.
16
Suppose -7*r + 2*r = -60. Let d(s) = -s**3 + 14*s**2 - 18*s + 1. Calculate the remainder when d(r) is divided by 16.
9
Let x = 53 - -8. Let r(g) = g**3 + 3*g**2 + 3. Let z be r(-3). Let w = z - -13. Calculate the remainder when x is divided by w.
13
Let k(a) = -11*a + 48. What is the remainder when k(4) is divided by -5*((-26)/10 - -2)?
1
Let v(g) = g**3 - 3*g**2 + g + 29. What is the remainder when 376 is divided by v(0)?
28
What is the remainder when (118/(-5))/((-6)/5 - -1) is divided by 32?
22
Let c(o) = -o**3 - 4*o**2 - 20*o - 246. What is the remainder when c(-7) is divided by 9?
5
Let c be -4*(0 + 27/6). Let q = c + 35. Suppose -m - 134 = -3*m. What is the remainder when m is divided by q?
16
Let c(m) = m + 4. Suppose 3 = -4*y + 11. Let r be 1/(y/(-8)*2). Calculate the remainder when c(r) is divided by 1.
0
Let b(y) = 3*y + 2. Let f be b(2). Suppose -11*n = -f*n - 84. Calculate the remainder when 83 is divided by n.
27
Let v = 202 + -192. Suppose 205 + 461 = -3*z. What is the remainder when 6/4*z/(-9) is divided by v?
7
Suppose 4*z + 3*t - 37 - 2 = 0, 2 = 2*t. Let a(n) = n**2 - 47. What is the remainder when a(9) is divided by z?
7
Let y = 69 - 41. What is the remainder when y is divided by (-1)/((-10)/(-15)*6/(-32))?
4
Let n(k) = k**3 + 6*k**2 + k - 2. Suppose -36 = 3*j - 4*y - 125, -3*j + 79 = y. Calculate the remainder when j is divided by n(-5).
9
Let z(n) = -2*n**2 + 13*n + 24. Calculate the remainder when -5*5*(0 + -2) is divided by z(7).
16
Suppose 33*l = 400 + 2504. What is the remainder when l is divided by 20?
8
Suppose -4*n = -5*w - 146, -5*n + 3*